 when i is divided by a?
9
Calculate the remainder when 303 is divided by (-3)/2*(3/(-3) - 33).
48
Let q(o) = o + 1. Calculate the remainder when 36 is divided by q(12).
10
Suppose -3*q = -0*q, 2*y + 6 = -2*q. Let b be y/(-9) + (-10)/3. Calculate the remainder when 23 is divided by (b/6)/(1/(-24)).
11
Let k = 36 - 20. Calculate the remainder when 38 is divided by (-30)/8*k/(-6).
8
Let s(f) = -2*f - 1. Let y be s(6). Let z = -1 - y. What is the remainder when 33 is divided by z?
9
Suppose y + 4*y - 65 = 0. Calculate the remainder when (-8)/12 - (-222)/9 is divided by y.
11
Let j(w) = -23*w + 3. What is the remainder when j(-2) is divided by 26?
23
Let o = 33 - 20. What is the remainder when 51 is divided by o?
12
Suppose -3*g + 63 + 12 = 3*d, 2*d = 5*g + 29. Suppose 3*z - s - 20 = 0, 2*z - 12 = -0*z + s. Calculate the remainder when d is divided by z.
6
Let a = -10 - -12. Suppose -6*t + 16 = -2*t. Suppose t*f - 56 = 3*s, f - 3*s = a*s + 14. Calculate the remainder when 41 is divided by f.
13
Let v be 2/4*-2 - -4. What is the remainder when (-308)/(-6) + 2/v is divided by 18?
16
Let q = 60 + -34. What is the remainder when 49 is divided by q?
23
Suppose 0 = 2*w - 14 - 10. Suppose -3*o = -4*o + 57. Suppose -3*l + o + 12 = 0. Calculate the remainder when l is divided by w.
11
Suppose -1 = 14*n - 15*n. Suppose 3*p - 70 = -n. What is the remainder when p is divided by 12?
11
Let g = 11 - -12. Let s = 10 + -5. Suppose -29 = -3*q + s*o, 0*o = 5*q + o - 39. Calculate the remainder when g is divided by q.
7
Let t be -3*(-237)/9 + -3. Suppose 4*x = -8 + t. Suppose -103 = -3*f + g - 0*g, -20 = 5*g. Calculate the remainder when f is divided by x.
16
Let x = -11 - 12. Let f = x - -32. Calculate the remainder when 17 is divided by f.
8
Calculate the remainder when -2 - 4*(-6 - -5) is divided by (1 + -1 + -2)*-1.
0
Let h = -3 + 5. What is the remainder when 38 is divided by h - (3/(-1) - 8)?
12
Let z(c) = c + 37. What is the remainder when z(-26) is divided by 6?
5
Suppose -4*j = 2*p - 1 - 11, 0 = 5*p + 5*j - 55. Let a be 52/14 + 2/7. Let k(h) = 12*h - 2. Calculate the remainder when k(a) is divided by p.
14
Let f(j) be the first derivative of 3 - 1/2*j**2 + 8*j. What is the remainder when 44 is divided by f(-7)?
14
Suppose -67 = 2*x - 7. Let a be (-14)/(-5) + (-6)/x. Suppose b - a*r + 42 = 3*b, -4*r = -b + 21. What is the remainder when 61 is divided by b?
19
Suppose g - 4*g + 51 = 0. Let y(s) = s**3 + 4*s**2 - 2*s - 2. What is the remainder when g is divided by y(-2)?
7
Let b = 2 - -7. Suppose 0 = -5*j + b*j - 24. Calculate the remainder when 22 is divided by j.
4
Let x(r) = 24*r**2 + r. Calculate the remainder when x(2) is divided by 25.
23
Let q = 33 + -12. Calculate the remainder when 41 is divided by q.
20
Suppose 0 = 3*q + q - 4. Calculate the remainder when (6*-1)/(-3 + 1) is divided by q.
0
Let k be (-4)/(-6) - 1/(-3). Suppose -2*n + 275 = 5*m, -m - m = -4*n - 86. Calculate the remainder when m is divided by ((-14)/(-8))/(k/8).
11
Suppose -x - 4*v + 2 = 0, 2*v = 3*x - v - 21. Suppose -12*m + 11*m = -x. Suppose 0 = -r - r + 20. What is the remainder when r is divided by m?
4
Let t be (-9)/(-6) + (-441)/(-6). Suppose -3*q = 3*y - t, 5*q - 125 = -3*y + 2. Calculate the remainder when q is divided by (1 - 2 - -10) + 0.
8
Let p(h) = 3*h**2 + 5*h + 6. Let j be p(-7). Suppose 3*z - 189 = s - 4*s, -2*s = -2*z + j. Calculate the remainder when z is divided by 21.
19
Calculate the remainder when -3 - (-5 + -132 - -1) is divided by 34.
31
Let l = 78 + -45. Calculate the remainder when l is divided by 9.
6
Let i be (39/6)/(1/14). Calculate the remainder when (-4)/12 + i/3 is divided by 8.
6
Let c = 25 + 4. Let x = c + -14. Suppose -4*z + z = -129. Calculate the remainder when z is divided by x.
13
Suppose 0 = -4*q - 5*i - 8, -16 = 4*i - 0*i. Suppose -11 = 3*u + w, -3*w - 5 = -q*u - 2*u. Calculate the remainder when (25 - 3) + (u - -1) is divided by 11.
10
Let d = 16 + -6. Suppose 4*r = -5*k + 1, -5*r - 3*k - 1 = -3*r. What is the remainder when d is divided by r?
2
Suppose 0*y + y - 139 = 0. What is the remainder when y is divided by (-18)/12*(-10)/(-15)*-35?
34
Suppose -2*m - 31 = t + m, -5*m = 4*t + 89. Let h = t + 22. Suppose 3*u - 43 = w, 4*w = h*w - 4. What is the remainder when 28 is divided by u?
13
Let f = -27 - -64. Calculate the remainder when 109 is divided by f.
35
Let x = 79 + -67. Suppose 3*z - 99 = -5*h - 0*z, -2*h - z + 40 = 0. What is the remainder when h is divided by x?
9
Suppose 5*d - 4*d = 6. Calculate the remainder when 28 is divided by d.
4
Suppose n + n - 106 = 0. Let p = -1 + n. Let g = 15 - -3. What is the remainder when p is divided by g?
16
Suppose 5*p - d - 4*d = 70, 0 = 3*d - 6. Let j = -443 + 449. What is the remainder when p is divided by j?
4
Calculate the remainder when 45 - (0 + 1/(-1)) is divided by 8.
6
Let d(b) = b**3 - 5*b**2 + 0*b**3 + 0*b**2 + 3. Calculate the remainder when 4 is divided by d(5).
1
Suppose h - 4 - 1 = 0. Let c(v) = -v**2 - 4*v + 4. Let j be c(-4). Let f = -1 + j. What is the remainder when h is divided by f?
2
Suppose 24 = 5*m - 16. Suppose j = -2*c + 8 + 8, -4*j - 2*c = -82. Calculate the remainder when j is divided by m.
6
Let g(a) = 20*a**3 + 2*a**2 - 1. Calculate the remainder when g(1) is divided by 11.
10
Suppose 3*a + 12 = 5*r - 8, 0 = 2*r - 3*a - 8. Let z = -6 + r. Calculate the remainder when 9 is divided by 7 - ((-4 - z) + 4).
4
Let x = 46 + -21. What is the remainder when x is divided by (-126)/(-24)*8/3?
11
Suppose -4*r + m + 421 = -0*r, -4*r + 5*m = -425. Suppose 5*s - r = -0*s. Let x = 25 - 14. Calculate the remainder when s is divided by x.
10
Suppose -5*n + 5 = -10. Suppose 7*g = n*g + 20. Suppose -b + 5*t = -0 + 6, b + g*t - 14 = 0. Calculate the remainder when 13 is divided by b.
1
Let h(d) = -2 + 4 + 3 - 13*d + d**2 - 4. Calculate the remainder when h(17) is divided by 18.
15
Suppose -5*y + 4*g + 50 = 0, y - 3*g + 15 = 6*y. What is the remainder when 21 is divided by y?
3
Let x(a) = a + 54. Suppose 14 = 3*j - 19. What is the remainder when x(-13) is divided by j?
8
Let o = 1 - 0. Let h = 1 - o. Suppose -5*b + z + 67 = 0, 0*b + 3*b - 4*z - 47 = h. What is the remainder when b is divided by 5?
3
Suppose -125 = -5*p - j, 2*p + 5*j + 23 = 4*p. Calculate the remainder when -4 + p + 12/(-4) is divided by 9.
8
Let h(b) = -36*b - 5. Calculate the remainder when 58 is divided by h(-1).
27
Let s = -46 + 111. Calculate the remainder when s is divided by 33.
32
Suppose 0 = 5*c + 29 - 74. What is the remainder when c is divided by 5?
4
Let i(j) = -5*j**2 + 1. Let u be i(-1). Let n be 1 + 2/u*-74. Suppose 0 = -4*g + 38 + n. Calculate the remainder when g is divided by 10.
9
Let g = 25 - 16. Calculate the remainder when g is divided by 6.
3
Let s be 12/(-2)*(-20)/15. Let n(g) = g**3 - 7*g**2 - 7*g - 8. Let u be n(s). Calculate the remainder when (-6)/((-9)/66 - u) is divided by 15.
14
Suppose 4*x + 68 = 4*i, 0*i + 5*x = -2*i + 41. Let g = 162 + -300. Let o = -85 - g. Calculate the remainder when o is divided by i.
17
Suppose 2*w + 3*v = 36, -80 = 2*w - 6*w - 4*v. What is the remainder when 1*-4*(-70)/4 is divided by w?
22
Let f be (2 - (-10)/(-4))*-6. Suppose f*z + 0 - 18 = 0. Suppose -6*n - 12 = -10*n. Calculate the remainder when z is divided by n.
0
Let j(d) = d**3 - 6*d**2 - 6*d - 4. Calculate the remainder when 3 is divided by j(7).
0
Suppose 4*g - 29 - 27 = 0. Let j(b) = 3*b - 7. Let m(y) = -y**2 - 13*y + 19. Let u be m(-14). Calculate the remainder when g is divided by j(u).
6
Suppose -5*c + 2*n = -0*n - 8, -5*c + 5*n + 5 = 0. Suppose -c*s = 2*s - 76. Calculate the remainder when s is divided by 11.
8
Suppose -3*d - 2 = -2*d. Calculate the remainder when 29 is divided by 88/9 - d/9.
9
Suppose 0 = -4*i - i. Suppose -3*g + 24 = -i*g. Calculate the remainder when 14 is divided by g.
6
Let o = -17 + 26. Let x = 20 + 1. What is the remainder when x is divided by (1 - 0) + (o - -1)?
10
Let l be (2/3)/((-8)/372). Let i = -17 - l. Suppose 5*t - 66 = -3*c + 56, t = 2*c + i. Calculate the remainder when t is divided by 12.
10
Suppose 2*z + 0*x - 44 = -x, -15 = -z - 4*x. Suppose -t = -0*t - z. Calculate the remainder when t is divided by 8.
7
Let o = -519 - -744. Let z = o + -157. Calculate the remai